25
What is the remainder when 64672 is divided by 25?
22
Calculate the remainder when 5790 is divided by 245.
155
Calculate the remainder when 12997 is divided by 334.
305
Calculate the remainder when 483645 is divided by 132.
129
Calculate the remainder when 7529 is divided by 1075.
4
Calculate the remainder when 21518 is divided by 111.
95
Calculate the remainder when 419515 is divided by 60.
55
Calculate the remainder when 87125 is divided by 39.
38
What is the remainder when 2077486 is divided by 84?
82
Calculate the remainder when 344571 is divided by 114854.
9
Calculate the remainder when 1580 is divided by 75.
5
What is the remainder when 26626 is divided by 4434?
22
Calculate the remainder when 142958 is divided by 7.
4
What is the remainder when 46699 is divided by 834?
829
Calculate the remainder when 1619 is divided by 10.
9
What is the remainder when 392565 is divided by 66?
63
Calculate the remainder when 20433 is divided by 618.
39
Calculate the remainder when 129773 is divided by 1260.
1253
What is the remainder when 223051 is divided by 27880?
11
What is the remainder when 2098 is divided by 2073?
25
Calculate the remainder when 173262 is divided by 34648.
22
Calculate the remainder when 5575 is divided by 160.
135
Calculate the remainder when 9556 is divided by 32.
20
Calculate the remainder when 70063 is divided by 18.
7
Calculate the remainder when 2283 is divided by 233.
186
What is the remainder when 7561 is divided by 463?
153
What is the remainder when 7103 is divided by 237?
230
What is the remainder when 2538 is divided by 505?
13
Calculate the remainder when 831 is divided by 722.
109
Calculate the remainder when 237837 is divided by 109.
108
What is the remainder when 48134 is divided by 8019?
20
What is the remainder when 7387 is divided by 175?
37
What is the remainder when 1076075 is divided by 142?
141
What is the remainder when 7774 is divided by 6?
4
What is the remainder when 45094 is divided by 18?
4
Calculate the remainder when 4126 is divided by 243.
238
Calculate the remainder when 233181 is divided by 212.
193
Calculate the remainder when 2951 is divided by 1055.
841
What is the remainder when 2062 is divided by 384?
142
Calculate the remainder when 8648 is divided by 65.
3
Calculate the remainder when 9096 is divided by 363.
21
What is the remainder when 8127 is divided by 15?
12
Calculate the remainder when 3238 is divided by 164.
122
What is the remainder when 6111 is divided by 30?
21
Calculate the remainder when 6299 is divided by 178.
69
Calculate the remainder when 4696 is divided by 30.
16
What is the remainder when 9861 is divided by 307?
37
What is the remainder when 213106 is divided by 53?
46
What is the remainder when 207266 is divided by 404?
14
Calculate the remainder when 25245 is divided by 48.
45
What is the remainder when 6216 is divided by 2953?
310
Calculate the remainder when 16483 is divided by 574.
411
Calculate the remainder when 457851 is divided by 58.
57
Calculate the remainder when 15264 is divided by 2544.
0
Calculate the remainder when 782 is divided by 497.
285
Calculate the remainder when 103004 is divided by 80.
44
Calculate the remainder when 7453 is divided by 401.
235
Calculate the remainder when 51391 is divided by 92.
55
Calculate the remainder when 2197 is divided by 88.
85
Calculate the remainder when 1386 is divided by 33.
0
Calculate the remainder when 20383 is divided by 970.
13
What is the remainder when 3664 is divided by 469?
381
What is the remainder when 280836 is divided by 59?
55
Calculate the remainder when 66514 is divided by 69.
67
What is the remainder when 3287 is divided by 671?
603
What is the remainder when 10479 is divided by 5224?
31
Calculate the remainder when 17316 is divided by 40.
36
Calculate the remainder when 686 is divided by 20.
6
Calculate the remainder when 2988 is divided by 8.
4
Calculate the remainder when 75824 is divided by 534.
530
What is the remainder when 195687 is divided by 43?
37
Calculate the remainder when 25898 is divided by 70.
68
What is the remainder when 4397 is divided by 538?
93
Calculate the remainder when 331517 is divided by 1467.
1442
What is the remainder when 347268 is divided by 664?
660
Calculate the remainder when 7816 is divided by 2323.
847
Calculate the remainder when 36744 is divided by 148.
40
What is the remainder when 13018 is divided by 2165?
28
What is the remainder when 5596 is divided by 2767?
62
What is the remainder when 9583 is divided by 2693?
1504
Calculate the remainder when 2282 is divided by 186.
50
What is the remainder when 15092 is divided by 100?
92
What is the remainder when 25263 is divided by 6273?
171
What is the remainder when 12467 is divided by 1245?
17
Calculate the remainder when 9919 is divided by 59.
7
What is the remainder when 1010972 is divided by 5158?
4
What is the remainder when 1963 is divided by 59?
16
Calculate the remainder when 3215 is divided by 3156.
59
What is the remainder when 33562 is divided by 173?
0
Calculate the remainder when 1802 is divided by 376.
298
Calculate the remainder when 216582 is divided by 15.
12
What is the remainder when 13509 is divided by 386?
385
Calculate the remainder when 8589 is divided by 173.
112
What is the remainder when 4724 is divided by 237?
221
Calculate the remainder when 853217 is divided by 82.
7
Calculate the remainder when 3863 is divided by 322.
321
Calculate the remainder when 3094 is divided by 3066.
28
What is the remainder when 275559 is divided by 275542?
17
What is the remainder when 5666 is divided by 2783?
100
Calculate the remainder when 81319 is divided by 112.
7
What is the remainder when 49507 is divided by 16460?
127
What is the remainder when 197765 is divided by 33?
29
Calculate the remainder when 7971 is divided by 1299.
177
Calculate the remainder when 3137 is divided by 75.
62
What is the remainder when 138547 is divided by 25?
22
What is the remainder when 36810 is divided by 135?
90
What is the remainder when 12656 is divided by 549?
29
Calculate the remainder when 2957 is divided by 320.
77
Calculate the remainder when 4957 is divided by 1417.
706
Calculate the remainder when 9584 is divided by 594.
80
What is the remainder when 10943 is divided by 56?
23
Calculate the remainder when 17891 is divided by 120.
11
Calculate the remainder when 22046 is divided by 7340.
26
Calculate the remainder when 185197 is divided by 13.
12
What is the remainder when 739 is divided by 154?
123
What is the remainder when 6270 is divided by 569?
11
Calculate the remainder when 770 is divided by 10.
0
What is the remainder when 9614 is divided by 559?
111
What is the remainder when 1438 is divided by 106?
60
Calculate the remainder when 198989 is divided by 99.
98
Calculate the remainder when 22039 is divided by 1245.
874
What is the remainder when 82075 is divided by 223?
11
Calculate the remainder when 21577 is divided by 6.
1
Calculate the remainder when 4086 is divided by 91.
82
Calculate the remainder when 70275 is divided by 254.
171
What is the remainder when 538 is divided by 127?
30
Calculate the remainder when 517199 is divided by 60.
59
Calculate the remainder when 1915 is divided by 82.
29
Calculate the remainder when 263922 is divided by 32.
18
Calculate the remainder when 26018 is divided by 113.
28
What is the remainder when 78050 is divided by 78?
50
Calculate the remainder when 5859446 is divided by 1347.
1343
What is the remainder when 4100 is divided by 578?
54
Calculate the remainder when 1155 is divided by 310.
225
What is the remainder when 119948 is divided by 20?
8
What is the remainder when 559 is divided by 183?
10
Calculate the remainder when 2381186 is divided by 966.
962
Calculate the remainder when 16402 is divided by 5450.
52
What is the remainder when 240549 is divided by 73?
14
Calculate the remainder when 16444 is divided by 5428.
160
What is the remainder when 62429 is divided by 31198?
33
What is the remainder when 25859 is divided by 25801?
58
Calculate the remainder when 144 is divided by 128.
16
What is the remainder when 551013 is divided by 3578?
1
What is the remainder when 1465915 is divided by 12?
7
What is the remainder when 12252 is divided by 1516?
124
Calculate